{"id":713,"date":"2024-04-30T18:49:04","date_gmt":"2024-04-30T16:49:04","guid":{"rendered":"https:\/\/tarnstoffe.com\/?post_type=product&#038;p=713"},"modified":"2025-05-01T09:40:26","modified_gmt":"2025-05-01T07:40:26","slug":"600d-poly-truetimber-strata","status":"publish","type":"product","link":"https:\/\/tarnstoffe.com\/?product=600d-poly-truetimber-strata","title":{"rendered":"600D Poly-TrueTimber\u00ae Strata"},"content":{"rendered":"<p><img loading=\"lazy\" decoding=\"async\" class=\"size-medium wp-image-727 alignleft\" src=\"https:\/\/tarnstoffe.com\/wp-content\/uploads\/2024\/04\/TruetimberStrata-300x300.png\" alt=\"\" width=\"300\" height=\"300\" srcset=\"https:\/\/tarnstoffe.com\/wp-content\/uploads\/2024\/04\/TruetimberStrata-300x300.png 300w, https:\/\/tarnstoffe.com\/wp-content\/uploads\/2024\/04\/TruetimberStrata-png-100x100.webp 100w, https:\/\/tarnstoffe.com\/wp-content\/uploads\/2024\/04\/TruetimberStrata-png-400x400.webp 400w, https:\/\/tarnstoffe.com\/wp-content\/uploads\/2024\/04\/TruetimberStrata-png-64x64.webp 64w, https:\/\/tarnstoffe.com\/wp-content\/uploads\/2024\/04\/TruetimberStrata-150x150.png 150w, https:\/\/tarnstoffe.com\/wp-content\/uploads\/2024\/04\/TruetimberStrata-768x768.png 768w, https:\/\/tarnstoffe.com\/wp-content\/uploads\/2024\/04\/TruetimberStrata-png.webp 945w\" sizes=\"auto, (max-width: 300px) 100vw, 300px\" \/>600D Poly-TrueTimber\u00ae Strata<\/p>\n<p>Unser 600D-Poly-Oxford-Gewebe ist eine Alternative zum 500D-Nylon, aber mit einer glatteren Oberfl\u00e4che &#8211; ein weiteres Gewebe, das f\u00fcr den Einsatz im Freien gemacht ist.<br \/>\nEs hat eine schwarze Polyurethanbeschichtung auf der R\u00fcckseite und ein wasserabweisendes Oberfl\u00e4chenfinish, wodurch es wetterbest\u00e4ndig und leicht zu reinigen ist. Es eignet sich hervorragend f\u00fcr Taschen, Rucks\u00e4cke, Jalousien, Sitzbez\u00fcge, Waffenkoffer und \u00c4hnliches.<\/p>\n<p>&#8211; Dieser Stoff liegt ca. 147cm breit und wir versenden in der L\u00e4nge die Sie bestellen.<br \/>\n&#8211; Der Stoff wird pro Meter verkauft.<br \/>\n&#8211; Bestellen Sie mehr als einen Meter dann wird es als fortlaufendes St\u00fcck versendet, es sei denn Sie m\u00f6chten es anders aufgeteilt.<\/p>\n<p>&nbsp;<\/p>\n","protected":false},"excerpt":{"rendered":"<p>600D Poly-TrueTimber\u00ae Strata Unser 600D-Poly-Oxford-Gewebe ist eine Alternative zum 500D-Nylon, aber mit einer glatteren Oberfl\u00e4che &#8211; ein weiteres Gewebe, das f\u00fcr den Einsatz im Freien gemacht ist. Es hat eine schwarze Polyurethanbeschichtung auf der R\u00fcckseite und ein wasserabweisendes Oberfl\u00e4chenfinish, wodurch es wetterbest\u00e4ndig und leicht zu reinigen ist. Es eignet sich hervorragend f\u00fcr Taschen, Rucks\u00e4cke, Jalousien, [&hellip;]<\/p>\n","protected":false},"featured_media":727,"comment_status":"open","ping_status":"closed","template":"","meta":{"site-container-style":"default","site-container-layout":"default","site-sidebar-layout":"default","site-transparent-header":"default","disable-article-header":"default","disable-site-header":"default","disable-site-footer":"default","disable-content-area-spacing":"default"},"product_brand":[],"product_cat":[154,155,259,143],"product_tag":[72,156,201,202,198,71,205,203,204,181,84,134,157,36,193,194,200,199,197,133],"class_list":{"0":"post-713","1":"product","2":"type-product","3":"status-publish","4":"has-post-thumbnail","6":"product_cat-600d","7":"product_cat-600d-beschichtet","8":"product_cat-first-page-show","9":"product_cat-truetimber","10":"product_tag-500d","11":"product_tag-600d","12":"product_tag-camouflage","13":"product_tag-camouflage-meterware","14":"product_tag-civ-tec","15":"product_tag-cordura","16":"product_tag-jersey-tarnmuster","17":"product_tag-jersey-tarnstoff","18":"product_tag-jersey-tarnstoffe","19":"product_tag-mil-tec","20":"product_tag-mossy-oak","21":"product_tag-phantomleaf","22":"product_tag-poly","23":"product_tag-realtree","24":"product_tag-realtree-stoff","25":"product_tag-tarnstoff-meterware","26":"product_tag-tarnstoffe","27":"product_tag-tarnstoffe-meterware","28":"product_tag-wasp","29":"product_tag-wasp-ii","30":"product_shipping_class-versandkosten","32":"first","33":"instock","34":"taxable","35":"shipping-taxable","36":"purchasable","37":"product-type-simple"},"_links":{"self":[{"href":"https:\/\/tarnstoffe.com\/index.php?rest_route=\/wp\/v2\/product\/713","targetHints":{"allow":["GET"]}}],"collection":[{"href":"https:\/\/tarnstoffe.com\/index.php?rest_route=\/wp\/v2\/product"}],"about":[{"href":"https:\/\/tarnstoffe.com\/index.php?rest_route=\/wp\/v2\/types\/product"}],"replies":[{"embeddable":true,"href":"https:\/\/tarnstoffe.com\/index.php?rest_route=%2Fwp%2Fv2%2Fcomments&post=713"}],"wp:featuredmedia":[{"embeddable":true,"href":"https:\/\/tarnstoffe.com\/index.php?rest_route=\/wp\/v2\/media\/727"}],"wp:attachment":[{"href":"https:\/\/tarnstoffe.com\/index.php?rest_route=%2Fwp%2Fv2%2Fmedia&parent=713"}],"wp:term":[{"taxonomy":"product_brand","embeddable":true,"href":"https:\/\/tarnstoffe.com\/index.php?rest_route=%2Fwp%2Fv2%2Fproduct_brand&post=713"},{"taxonomy":"product_cat","embeddable":true,"href":"https:\/\/tarnstoffe.com\/index.php?rest_route=%2Fwp%2Fv2%2Fproduct_cat&post=713"},{"taxonomy":"product_tag","embeddable":true,"href":"https:\/\/tarnstoffe.com\/index.php?rest_route=%2Fwp%2Fv2%2Fproduct_tag&post=713"}],"curies":[{"name":"wp","href":"https:\/\/api.w.org\/{rel}","templated":true}]}}