{"id":71,"date":"2023-11-28T17:47:33","date_gmt":"2023-11-28T16:47:33","guid":{"rendered":"https:\/\/tarnstoffe.com\/?post_type=product&#038;p=71"},"modified":"2025-04-20T16:07:10","modified_gmt":"2025-04-20T14:07:10","slug":"cwc-twill-prym1-woodlands","status":"publish","type":"product","link":"https:\/\/tarnstoffe.com\/?product=cwc-twill-prym1-woodlands","title":{"rendered":"Twill &#8211; Prym1 Woodlands"},"content":{"rendered":"<p><img loading=\"lazy\" decoding=\"async\" class=\"size-medium wp-image-112 alignleft\" src=\"https:\/\/tarnstoffe.com\/wp-content\/uploads\/2023\/12\/tarnstoffe_-20-300x300.jpg\" alt=\"\" width=\"300\" height=\"300\" srcset=\"https:\/\/tarnstoffe.com\/wp-content\/uploads\/2023\/12\/tarnstoffe_-20-300x300.jpg 300w, https:\/\/tarnstoffe.com\/wp-content\/uploads\/2023\/12\/tarnstoffe_-20-100x100.jpg 100w, https:\/\/tarnstoffe.com\/wp-content\/uploads\/2023\/12\/tarnstoffe_-20-400x400.jpg 400w, https:\/\/tarnstoffe.com\/wp-content\/uploads\/2023\/12\/tarnstoffe_-20-64x64.jpg 64w, https:\/\/tarnstoffe.com\/wp-content\/uploads\/2023\/12\/tarnstoffe_-20-1024x1024.jpg 1024w, https:\/\/tarnstoffe.com\/wp-content\/uploads\/2023\/12\/tarnstoffe_-20-150x150.jpg 150w, https:\/\/tarnstoffe.com\/wp-content\/uploads\/2023\/12\/tarnstoffe_-20-768x768.jpg 768w, https:\/\/tarnstoffe.com\/wp-content\/uploads\/2023\/12\/tarnstoffe_-20-1320x1320.jpg 1320w, https:\/\/tarnstoffe.com\/wp-content\/uploads\/2023\/12\/tarnstoffe_-20.jpg 1441w\" sizes=\"auto, (max-width: 300px) 100vw, 300px\" \/><\/p>\n<p>&nbsp;<\/p>\n<p>Prym1\u00ae\u00b4s einziger Zweck besteht darin die ultimative Tarnl\u00f6sung f\u00fcr alle Abenteurer*innen zu designen, deren Wille es ist mit ihrer Umgebung jederzeit zu verschmelzen. Tarnung &#8211; geschmiedet aus den Elementen der Natur.<\/p>\n<p style=\"text-align: left;\">Mit ca. 237g \/ qm\u00b2 und der hohen Fadenanzahl wird dieser Stoff immer dann verwendet, wenn haltbare und stabile, zus\u00e4tzliche anzubringendes Equipment gebraucht wird. Es eignet sich hervorragend um milit\u00e4r\u00e4hnliche Kampfanz\u00fcge und Uniformen f\u00fcr z.B. taktisches Airsoft oder Paintball zu n\u00e4hen. Wenn Sie ein wahrer Anh\u00e4nger von taktischen Eins\u00e4tzen sind, dann k\u00f6nnen Sie hier ebenfalls gut Tischdecken, Vorh\u00e4nge oder jegliche Abdeckungen daraus machen. Dieser Stoff gibt jedem Raum ein unglaublich-taktisches Aussehen.<\/p>\n<p>&#8211; Dieser Stoff liegt ca. 150cm breit und wir versenden in der L\u00e4nge die Sie bestellen.<br \/>\n&#8211; Der Stoff wird pro Meter verkauft.<br \/>\n&#8211; Bestellen Sie mehr als einen Meter dann wird es als fortlaufendes St\u00fcck versendet, es sei denn Sie m\u00f6chten es anders aufgeteilt<\/p>\n","protected":false},"excerpt":{"rendered":"<p>CWC- Twill<\/p>\n","protected":false},"featured_media":111,"comment_status":"open","ping_status":"closed","template":"","meta":{"site-container-style":"default","site-container-layout":"default","site-sidebar-layout":"default","site-transparent-header":"default","disable-article-header":"default","disable-site-header":"default","disable-site-footer":"default","disable-content-area-spacing":"default"},"product_brand":[],"product_cat":[34,57],"product_tag":[72,156,40,201,202,198,71,205,203,204,181,84,134,41,44,36,193,194,200,199,35,197,133,42],"class_list":{"0":"post-71","1":"product","2":"type-product","3":"status-publish","4":"has-post-thumbnail","6":"product_cat-cwc-twill","7":"product_cat-prym1","8":"product_tag-500d","9":"product_tag-600d","10":"product_tag-black-out","11":"product_tag-camouflage","12":"product_tag-camouflage-meterware","13":"product_tag-civ-tec","14":"product_tag-cordura","15":"product_tag-jersey-tarnmuster","16":"product_tag-jersey-tarnstoff","17":"product_tag-jersey-tarnstoffe","18":"product_tag-mil-tec","19":"product_tag-mossy-oak","20":"product_tag-phantomleaf","21":"product_tag-prym","22":"product_tag-prym1","23":"product_tag-realtree","24":"product_tag-realtree-stoff","25":"product_tag-tarnstoff-meterware","26":"product_tag-tarnstoffe","27":"product_tag-tarnstoffe-meterware","28":"product_tag-twill","29":"product_tag-wasp","30":"product_tag-wasp-ii","31":"product_tag-woodlands","32":"product_shipping_class-versandkosten","34":"first","35":"instock","36":"taxable","37":"shipping-taxable","38":"purchasable","39":"product-type-simple"},"_links":{"self":[{"href":"https:\/\/tarnstoffe.com\/index.php?rest_route=\/wp\/v2\/product\/71","targetHints":{"allow":["GET"]}}],"collection":[{"href":"https:\/\/tarnstoffe.com\/index.php?rest_route=\/wp\/v2\/product"}],"about":[{"href":"https:\/\/tarnstoffe.com\/index.php?rest_route=\/wp\/v2\/types\/product"}],"replies":[{"embeddable":true,"href":"https:\/\/tarnstoffe.com\/index.php?rest_route=%2Fwp%2Fv2%2Fcomments&post=71"}],"wp:featuredmedia":[{"embeddable":true,"href":"https:\/\/tarnstoffe.com\/index.php?rest_route=\/wp\/v2\/media\/111"}],"wp:attachment":[{"href":"https:\/\/tarnstoffe.com\/index.php?rest_route=%2Fwp%2Fv2%2Fmedia&parent=71"}],"wp:term":[{"taxonomy":"product_brand","embeddable":true,"href":"https:\/\/tarnstoffe.com\/index.php?rest_route=%2Fwp%2Fv2%2Fproduct_brand&post=71"},{"taxonomy":"product_cat","embeddable":true,"href":"https:\/\/tarnstoffe.com\/index.php?rest_route=%2Fwp%2Fv2%2Fproduct_cat&post=71"},{"taxonomy":"product_tag","embeddable":true,"href":"https:\/\/tarnstoffe.com\/index.php?rest_route=%2Fwp%2Fv2%2Fproduct_tag&post=71"}],"curies":[{"name":"wp","href":"https:\/\/api.w.org\/{rel}","templated":true}]}}