{"id":706,"date":"2024-04-30T13:39:48","date_gmt":"2024-04-30T11:39:48","guid":{"rendered":"https:\/\/tarnstoffe.com\/?post_type=product&#038;p=706"},"modified":"2026-04-14T21:54:21","modified_gmt":"2026-04-14T19:54:21","slug":"twill-truetimber-mc2","status":"publish","type":"product","link":"https:\/\/tarnstoffe.com\/?product=twill-truetimber-mc2","title":{"rendered":"Twill-TrueTimber\u00ae MC2"},"content":{"rendered":"<p><img loading=\"lazy\" decoding=\"async\" class=\"size-medium wp-image-728 alignleft\" src=\"https:\/\/tarnstoffe.com\/wp-content\/uploads\/2024\/04\/Twill-MC2-300x300.jpg\" alt=\"\" width=\"300\" height=\"300\" srcset=\"https:\/\/tarnstoffe.com\/wp-content\/uploads\/2024\/04\/Twill-MC2-300x300.jpg 300w, https:\/\/tarnstoffe.com\/wp-content\/uploads\/2024\/04\/Twill-MC2-100x100.webp 100w, https:\/\/tarnstoffe.com\/wp-content\/uploads\/2024\/04\/Twill-MC2-400x400.webp 400w, https:\/\/tarnstoffe.com\/wp-content\/uploads\/2024\/04\/Twill-MC2-64x64.webp 64w, https:\/\/tarnstoffe.com\/wp-content\/uploads\/2024\/04\/Twill-MC2-150x150.jpg 150w, https:\/\/tarnstoffe.com\/wp-content\/uploads\/2024\/04\/Twill-MC2-768x768.jpg 768w, https:\/\/tarnstoffe.com\/wp-content\/uploads\/2024\/04\/Twill-MC2.webp 945w\" sizes=\"auto, (max-width: 300px) 100vw, 300px\" \/><\/p>\n<p>Einer der am meisten verwendeten Tarnstoffe auf dem Markt. Bestehend aus 60% Baumwolle und 40%Polyester ist er ger\u00e4uscharm beim Bewegen aber trotzdem stabil und hat einen Griff der an Wildleder erinnert.<br \/>\nMit der perfekten Mischung aus Baumwolle\/Baumwolle-Polyester kann er f\u00fcr unz\u00e4hlige Dinge verwendet werden. Hervorragend geeignet f\u00fcr Bekleidung, darunter Hosen, Hemden sowie Jacken.<br \/>\nAuch ist er geeeignet f\u00fcr Taschen, Rucks\u00e4cke, Beutel, Sitzbez\u00fcge, als Vorhang und alles andere was man sich vorstellen kann. Er eignet sich ebenfalls f\u00fcrs Quilten.<\/p>\n<p>&#8211; Dieser Stoff liegt ca. 150cm breit und wir versenden in der L\u00e4nge die Sie bestellen.<br \/>\n&#8211; Der Stoff wird pro Meter verkauft.<br \/>\n&#8211; Bestellen Sie mehr als einen Meter dann wird es als fortlaufendes St\u00fcck versendet, es sei denn Sie m\u00f6chten es anders aufgeteilt.<\/p>\n","protected":false},"excerpt":{"rendered":"<p>Einer der am meisten verwendeten Tarnstoffe auf dem Markt. Bestehend aus 60% Baumwolle und 40%Polyester ist er ger\u00e4uscharm beim Bewegen aber trotzdem stabil und hat einen Griff der an Wildleder erinnert. Mit der perfekten Mischung aus Baumwolle\/Baumwolle-Polyester kann er f\u00fcr unz\u00e4hlige Dinge verwendet werden. Hervorragend geeignet f\u00fcr Bekleidung, darunter Hosen, Hemden sowie Jacken. Auch ist [&hellip;]<\/p>\n","protected":false},"featured_media":728,"comment_status":"open","ping_status":"closed","template":"","meta":{"site-container-style":"default","site-container-layout":"default","site-sidebar-layout":"default","site-transparent-header":"default","disable-article-header":"default","disable-site-header":"default","disable-site-footer":"default","disable-content-area-spacing":"default"},"product_brand":[],"product_cat":[34,143],"product_tag":[72,156,201,202,198,71,205,203,204,150,181,84,134,36,193,194,200,199,197,133],"class_list":{"0":"post-706","1":"product","2":"type-product","3":"status-publish","4":"has-post-thumbnail","6":"product_cat-cwc-twill","7":"product_cat-truetimber","8":"product_tag-500d","9":"product_tag-600d","10":"product_tag-camouflage","11":"product_tag-camouflage-meterware","12":"product_tag-civ-tec","13":"product_tag-cordura","14":"product_tag-jersey-tarnmuster","15":"product_tag-jersey-tarnstoff","16":"product_tag-jersey-tarnstoffe","17":"product_tag-mc2","18":"product_tag-mil-tec","19":"product_tag-mossy-oak","20":"product_tag-phantomleaf","21":"product_tag-realtree","22":"product_tag-realtree-stoff","23":"product_tag-tarnstoff-meterware","24":"product_tag-tarnstoffe","25":"product_tag-tarnstoffe-meterware","26":"product_tag-wasp","27":"product_tag-wasp-ii","28":"product_shipping_class-versandkosten","30":"first","31":"instock","32":"taxable","33":"shipping-taxable","34":"purchasable","35":"product-type-simple"},"_links":{"self":[{"href":"https:\/\/tarnstoffe.com\/index.php?rest_route=\/wp\/v2\/product\/706","targetHints":{"allow":["GET"]}}],"collection":[{"href":"https:\/\/tarnstoffe.com\/index.php?rest_route=\/wp\/v2\/product"}],"about":[{"href":"https:\/\/tarnstoffe.com\/index.php?rest_route=\/wp\/v2\/types\/product"}],"replies":[{"embeddable":true,"href":"https:\/\/tarnstoffe.com\/index.php?rest_route=%2Fwp%2Fv2%2Fcomments&post=706"}],"wp:featuredmedia":[{"embeddable":true,"href":"https:\/\/tarnstoffe.com\/index.php?rest_route=\/wp\/v2\/media\/728"}],"wp:attachment":[{"href":"https:\/\/tarnstoffe.com\/index.php?rest_route=%2Fwp%2Fv2%2Fmedia&parent=706"}],"wp:term":[{"taxonomy":"product_brand","embeddable":true,"href":"https:\/\/tarnstoffe.com\/index.php?rest_route=%2Fwp%2Fv2%2Fproduct_brand&post=706"},{"taxonomy":"product_cat","embeddable":true,"href":"https:\/\/tarnstoffe.com\/index.php?rest_route=%2Fwp%2Fv2%2Fproduct_cat&post=706"},{"taxonomy":"product_tag","embeddable":true,"href":"https:\/\/tarnstoffe.com\/index.php?rest_route=%2Fwp%2Fv2%2Fproduct_tag&post=706"}],"curies":[{"name":"wp","href":"https:\/\/api.w.org\/{rel}","templated":true}]}}