{"id":63,"date":"2023-11-26T15:27:45","date_gmt":"2023-11-26T14:27:45","guid":{"rendered":"https:\/\/tarnstoffe.com\/?post_type=product&#038;p=63"},"modified":"2025-04-20T16:07:18","modified_gmt":"2025-04-20T14:07:18","slug":"cwc-twill-p1-blackout","status":"publish","type":"product","link":"https:\/\/tarnstoffe.com\/?product=cwc-twill-p1-blackout","title":{"rendered":"Twill &#8211; Prym1 Black Out\u00ae"},"content":{"rendered":"<p>&nbsp;<\/p>\n<p><img loading=\"lazy\" decoding=\"async\" class=\"size-medium wp-image-110 alignleft\" src=\"https:\/\/tarnstoffe.com\/wp-content\/uploads\/2023\/12\/tarnstoffe_-18-300x300.jpg\" alt=\"\" width=\"300\" height=\"300\" srcset=\"https:\/\/tarnstoffe.com\/wp-content\/uploads\/2023\/12\/tarnstoffe_-18-300x300.jpg 300w, https:\/\/tarnstoffe.com\/wp-content\/uploads\/2023\/12\/tarnstoffe_-18-100x100.jpg 100w, https:\/\/tarnstoffe.com\/wp-content\/uploads\/2023\/12\/tarnstoffe_-18-400x400.jpg 400w, https:\/\/tarnstoffe.com\/wp-content\/uploads\/2023\/12\/tarnstoffe_-18-64x64.jpg 64w, https:\/\/tarnstoffe.com\/wp-content\/uploads\/2023\/12\/tarnstoffe_-18-1024x1024.jpg 1024w, https:\/\/tarnstoffe.com\/wp-content\/uploads\/2023\/12\/tarnstoffe_-18-150x150.jpg 150w, https:\/\/tarnstoffe.com\/wp-content\/uploads\/2023\/12\/tarnstoffe_-18-768x768.jpg 768w, https:\/\/tarnstoffe.com\/wp-content\/uploads\/2023\/12\/tarnstoffe_-18-1320x1320.jpg 1320w, https:\/\/tarnstoffe.com\/wp-content\/uploads\/2023\/12\/tarnstoffe_-18.jpg 1441w\" sizes=\"auto, (max-width: 300px) 100vw, 300px\" \/><\/p>\n<p>Prym1\u00ae\u00b4s einziger Zweck besteht darin die ultimative Tarnl\u00f6sung f\u00fcr alle Abenteurer*innen zu designen, deren Wille es ist mit ihrer Umgebung jederzeit zu verschmelzen. Tarnung &#8211; geschmiedet aus den Elementen der Natur.<\/p>\n<p style=\"text-align: left;\">Einer der am meisten verwendeten Tarnstoffe auf dem Markt. Bestehend aus 60% Baumwolle und 40%Polyester ist er ger\u00e4uscharm beim Bewegen aber trotzdem stabil und hat einen Griff der an Wildleder erinnert.<br \/>\nMit der perfekten Mischung aus Baumwolle\/Baumwolle-Polyester kann er f\u00fcr unz\u00e4hlige Dinge verwendet werden. Hervorragend geeignet f\u00fcr Bekleidung, darunter Hosen, Hemden sowie Jacken.<br \/>\nAuch ist er geeeignet f\u00fcr Taschen, Rucks\u00e4cke, Beutel, Sitzbez\u00fcge, als Vorhang und alles andere was man sich vorstellen kann. Er eignet sich ebenfalls f\u00fcrs Quilten.<\/p>\n<p>&#8211; Dieser Stoff liegt ca. 150cm breit und wir versenden in der L\u00e4nge die Sie bestellen.<br \/>\n&#8211; Der Stoff wird pro Meter verkauft.<br \/>\n&#8211; Bestellen Sie mehr als einen Meter dann wird es als fortlaufendes St\u00fcck versendet, es sei denn Sie m\u00f6chten es anders aufgeteilt<\/p>\n","protected":false},"excerpt":{"rendered":"<p>&nbsp; Prym1\u00ae\u00b4s einziger Zweck besteht darin die ultimative Tarnl\u00f6sung f\u00fcr alle Abenteurer*innen zu designen, deren Wille es ist mit ihrer Umgebung jederzeit zu verschmelzen. Tarnung &#8211; geschmiedet aus den Elementen der Natur. Einer der am meisten verwendeten Tarnstoffe auf dem Markt. Bestehend aus 60% Baumwolle und 40%Polyester ist er ger\u00e4uscharm beim Bewegen aber trotzdem stabil [&hellip;]<\/p>\n","protected":false},"featured_media":109,"comment_status":"open","ping_status":"closed","template":"","meta":{"site-container-style":"default","site-container-layout":"default","site-sidebar-layout":"default","site-transparent-header":"default","disable-article-header":"default","disable-site-header":"default","disable-site-footer":"default","disable-content-area-spacing":"default"},"product_brand":[],"product_cat":[34,57],"product_tag":[72,156,40,201,202,198,71,205,203,204,181,84,134,41,36,193,194,200,199,35,197,133],"class_list":{"0":"post-63","1":"product","2":"type-product","3":"status-publish","4":"has-post-thumbnail","6":"product_cat-cwc-twill","7":"product_cat-prym1","8":"product_tag-500d","9":"product_tag-600d","10":"product_tag-black-out","11":"product_tag-camouflage","12":"product_tag-camouflage-meterware","13":"product_tag-civ-tec","14":"product_tag-cordura","15":"product_tag-jersey-tarnmuster","16":"product_tag-jersey-tarnstoff","17":"product_tag-jersey-tarnstoffe","18":"product_tag-mil-tec","19":"product_tag-mossy-oak","20":"product_tag-phantomleaf","21":"product_tag-prym","22":"product_tag-realtree","23":"product_tag-realtree-stoff","24":"product_tag-tarnstoff-meterware","25":"product_tag-tarnstoffe","26":"product_tag-tarnstoffe-meterware","27":"product_tag-twill","28":"product_tag-wasp","29":"product_tag-wasp-ii","30":"product_shipping_class-versandkosten","32":"first","33":"instock","34":"taxable","35":"shipping-taxable","36":"purchasable","37":"product-type-simple"},"_links":{"self":[{"href":"https:\/\/tarnstoffe.com\/index.php?rest_route=\/wp\/v2\/product\/63","targetHints":{"allow":["GET"]}}],"collection":[{"href":"https:\/\/tarnstoffe.com\/index.php?rest_route=\/wp\/v2\/product"}],"about":[{"href":"https:\/\/tarnstoffe.com\/index.php?rest_route=\/wp\/v2\/types\/product"}],"replies":[{"embeddable":true,"href":"https:\/\/tarnstoffe.com\/index.php?rest_route=%2Fwp%2Fv2%2Fcomments&post=63"}],"wp:featuredmedia":[{"embeddable":true,"href":"https:\/\/tarnstoffe.com\/index.php?rest_route=\/wp\/v2\/media\/109"}],"wp:attachment":[{"href":"https:\/\/tarnstoffe.com\/index.php?rest_route=%2Fwp%2Fv2%2Fmedia&parent=63"}],"wp:term":[{"taxonomy":"product_brand","embeddable":true,"href":"https:\/\/tarnstoffe.com\/index.php?rest_route=%2Fwp%2Fv2%2Fproduct_brand&post=63"},{"taxonomy":"product_cat","embeddable":true,"href":"https:\/\/tarnstoffe.com\/index.php?rest_route=%2Fwp%2Fv2%2Fproduct_cat&post=63"},{"taxonomy":"product_tag","embeddable":true,"href":"https:\/\/tarnstoffe.com\/index.php?rest_route=%2Fwp%2Fv2%2Fproduct_tag&post=63"}],"curies":[{"name":"wp","href":"https:\/\/api.w.org\/{rel}","templated":true}]}}