{"id":536,"date":"2024-04-12T19:09:02","date_gmt":"2024-04-12T17:09:02","guid":{"rendered":"https:\/\/tarnstoffe.com\/?post_type=product&#038;p=536"},"modified":"2025-04-30T09:13:11","modified_gmt":"2025-04-30T07:13:11","slug":"wasp-i-full-headcamo","status":"publish","type":"product","link":"https:\/\/tarnstoffe.com\/?product=wasp-i-full-headcamo","title":{"rendered":"Mil-Tec Kopftarn-Set"},"content":{"rendered":"<p><img loading=\"lazy\" decoding=\"async\" class=\"size-medium wp-image-594 alignleft\" src=\"https:\/\/tarnstoffe.com\/wp-content\/uploads\/2024\/04\/KopfZ2_side_mit_scarf-300x200.jpg\" alt=\"\" width=\"250\" height=\"167\" srcset=\"https:\/\/tarnstoffe.com\/wp-content\/uploads\/2024\/04\/KopfZ2_side_mit_scarf-300x200.jpg 300w, https:\/\/tarnstoffe.com\/wp-content\/uploads\/2024\/04\/KopfZ2_side_mit_scarf-400x267.webp 400w, https:\/\/tarnstoffe.com\/wp-content\/uploads\/2024\/04\/KopfZ2_side_mit_scarf-64x43.webp 64w, https:\/\/tarnstoffe.com\/wp-content\/uploads\/2024\/04\/KopfZ2_side_mit_scarf-768x512.jpg 768w, https:\/\/tarnstoffe.com\/wp-content\/uploads\/2024\/04\/KopfZ2_side_mit_scarf.webp 945w\" sizes=\"auto, (max-width: 250px) 100vw, 250px\" \/>Set bestehend aus Basecap und Multifunktionstuch WASP I<\/p>\n<p>Das BaseCap besteht zu 65% Polyester und 35% Baumwolle Ripstop-Gewebe und ist dadurch besonders robust. Das braucht es, wenn du durch Dick und D\u00fcnn damit gehst.<\/p>\n<p>Durch den Materialmix hat das BaseCap einen angenehm weichen, nat\u00fcrlichen Griff.<\/p>\n<p>Es l\u00e4sst sich ganz einfach per Schnalle am Hinterkopf stufenlos verstellen und sorgt so f\u00fcr einen passgenauen und bequemen Sitz.<\/p>\n<p>&#8211; Klettstreifen vorne, oben und hinten zum Anbringen von Abzeichen oder Patches<br \/>\n&#8211; gr\u00f6\u00dfenverstellbar durch Schnalle<br \/>\n&#8211;\u00a0 mit kleinen Bel\u00fcftungsl\u00f6chern rund um den Kopf<br \/>\nGewicht des Caps: 100 g one size<\/p>\n<p>&nbsp;<\/p>\n<p>&nbsp;<\/p>\n<p>&nbsp;<\/p>\n<p>&nbsp;<\/p>\n<p>Multifunktionstuch: 100% Polyester &#8211; one size<br \/>\n&#8211; in wenigen Handgriffen wird daraus eine M\u00fctze oder ein Headwrap, ein Gesichtsschutz, ein Kopftuch, ein Stirnband oder einfach ein Schal<br \/>\n&#8211; das Tuch ist nahtlos aus einem St\u00fcck hergestellt<\/p>\n<p>&#8211; CIV-TEC\u00ae WASP I<\/p>\n","protected":false},"excerpt":{"rendered":"<p>Set bestehend aus Basecap und Multifunktionstuch WASP I Das BaseCap besteht zu 65% Polyester und 35% Baumwolle Ripstop-Gewebe und ist dadurch besonders robust. Das braucht es, wenn du durch Dick und D\u00fcnn damit gehst. Durch den Materialmix hat das BaseCap einen angenehm weichen, nat\u00fcrlichen Griff. Es l\u00e4sst sich ganz einfach per Schnalle am Hinterkopf stufenlos [&hellip;]<\/p>\n","protected":false},"featured_media":1603,"comment_status":"open","ping_status":"closed","template":"","meta":{"site-container-style":"default","site-container-layout":"default","site-sidebar-layout":"default","site-transparent-header":"default","disable-article-header":"default","disable-site-header":"default","disable-site-footer":"default","disable-content-area-spacing":"default"},"product_brand":[],"product_cat":[251,176],"product_tag":[185,181],"class_list":{"0":"post-536","1":"product","2":"type-product","3":"status-publish","4":"has-post-thumbnail","6":"product_cat-kopfbedeckungen","7":"product_cat-mil-tec","8":"product_tag-adventure-equipement","9":"product_tag-mil-tec","10":"product_shipping_class-versandkosten","12":"first","13":"instock","14":"featured","15":"taxable","16":"shipping-taxable","17":"purchasable","18":"product-type-variable"},"_links":{"self":[{"href":"https:\/\/tarnstoffe.com\/index.php?rest_route=\/wp\/v2\/product\/536","targetHints":{"allow":["GET"]}}],"collection":[{"href":"https:\/\/tarnstoffe.com\/index.php?rest_route=\/wp\/v2\/product"}],"about":[{"href":"https:\/\/tarnstoffe.com\/index.php?rest_route=\/wp\/v2\/types\/product"}],"replies":[{"embeddable":true,"href":"https:\/\/tarnstoffe.com\/index.php?rest_route=%2Fwp%2Fv2%2Fcomments&post=536"}],"wp:featuredmedia":[{"embeddable":true,"href":"https:\/\/tarnstoffe.com\/index.php?rest_route=\/wp\/v2\/media\/1603"}],"wp:attachment":[{"href":"https:\/\/tarnstoffe.com\/index.php?rest_route=%2Fwp%2Fv2%2Fmedia&parent=536"}],"wp:term":[{"taxonomy":"product_brand","embeddable":true,"href":"https:\/\/tarnstoffe.com\/index.php?rest_route=%2Fwp%2Fv2%2Fproduct_brand&post=536"},{"taxonomy":"product_cat","embeddable":true,"href":"https:\/\/tarnstoffe.com\/index.php?rest_route=%2Fwp%2Fv2%2Fproduct_cat&post=536"},{"taxonomy":"product_tag","embeddable":true,"href":"https:\/\/tarnstoffe.com\/index.php?rest_route=%2Fwp%2Fv2%2Fproduct_tag&post=536"}],"curies":[{"name":"wp","href":"https:\/\/api.w.org\/{rel}","templated":true}]}}