{"id":202,"date":"2023-12-06T18:16:22","date_gmt":"2023-12-06T17:16:22","guid":{"rendered":"https:\/\/tarnstoffe.com\/?post_type=product&#038;p=202"},"modified":"2026-03-19T21:40:11","modified_gmt":"2026-03-19T20:40:11","slug":"fjaellraeven-greenland-wax","status":"publish","type":"product","link":"https:\/\/tarnstoffe.com\/?product=fjaellraeven-greenland-wax","title":{"rendered":"Fj\u00e4llr\u00e4ven Greenland Wax"},"content":{"rendered":"<p><img loading=\"lazy\" decoding=\"async\" class=\"size-medium wp-image-208 alignleft\" src=\"https:\/\/tarnstoffe.com\/wp-content\/uploads\/2023\/12\/tarnstoffe_wx1-300x300.jpg\" alt=\"\" width=\"300\" height=\"300\" srcset=\"https:\/\/tarnstoffe.com\/wp-content\/uploads\/2023\/12\/tarnstoffe_wx1-300x300.jpg 300w, https:\/\/tarnstoffe.com\/wp-content\/uploads\/2023\/12\/tarnstoffe_wx1-100x100.webp 100w, https:\/\/tarnstoffe.com\/wp-content\/uploads\/2023\/12\/tarnstoffe_wx1-400x400.webp 400w, https:\/\/tarnstoffe.com\/wp-content\/uploads\/2023\/12\/tarnstoffe_wx1-64x64.webp 64w, https:\/\/tarnstoffe.com\/wp-content\/uploads\/2023\/12\/tarnstoffe_wx1-1024x1024.jpg 1024w, https:\/\/tarnstoffe.com\/wp-content\/uploads\/2023\/12\/tarnstoffe_wx1-150x150.jpg 150w, https:\/\/tarnstoffe.com\/wp-content\/uploads\/2023\/12\/tarnstoffe_wx1-768x769.jpg 768w, https:\/\/tarnstoffe.com\/wp-content\/uploads\/2023\/12\/tarnstoffe_wx1-1320x1321.jpg 1320w, https:\/\/tarnstoffe.com\/wp-content\/uploads\/2023\/12\/tarnstoffe_wx1.webp 1440w\" sizes=\"auto, (max-width: 300px) 100vw, 300px\" \/><\/p>\n<p style=\"text-align: left;\">Hand made since 1968. Greenland Wax is hand made according tp Fj\u00e4llr\u00e4ven\u00b4s original formula.The recipe is secret but the ingedients are simple: pure parrafin and high-quality beeswax. No solvents or chemical additives.This makes Greenland Wax a more environmentally friendly alternative than chemical-based impregnation products.<\/p>\n<p>Tip: Ein Wachs reicht insgesamt ca. f\u00fcr das Wachsen einer G1000 Hose und f\u00fcr das zweimalige Wachsen eines Boonie Hutes und f\u00fcr zwei N\u00e4sseschutzgamaschen aus z.B. <a href=\"https:\/\/tarnstoffe.com\/produkt\/500d-cordura-nylon-unbeschichtet-realtree-edge\/\">500D- Cordura\u00ae Nylon unbeschichtet.<\/a><\/p>\n","protected":false},"excerpt":{"rendered":"<p>Hand made since 1968. Greenland Wax is hand made according tp Fj\u00e4llr\u00e4ven\u00b4s original formula.The recipe is secret but the ingedients are simple: pure parrafin and high-quality beeswax. No solvents or chemical additives.This makes Greenland Wax a more environmentally friendly alternative than chemical-based impregnation products. Tip: Ein Wachs reicht insgesamt ca. f\u00fcr das Wachsen einer G1000 [&hellip;]<\/p>\n","protected":false},"featured_media":208,"comment_status":"open","ping_status":"closed","template":"","meta":{"site-container-style":"default","site-container-layout":"default","site-sidebar-layout":"default","site-transparent-header":"default","disable-article-header":"default","disable-site-header":"default","disable-site-footer":"default","disable-content-area-spacing":"default"},"product_brand":[],"product_cat":[65,176],"product_tag":[185,66,68,181,67,69],"class_list":{"0":"post-202","1":"product","2":"type-product","3":"status-publish","4":"has-post-thumbnail","6":"product_cat-fjaellraeven-greenland-wachs","7":"product_cat-mil-tec","8":"product_tag-adventure-equipement","9":"product_tag-fjaellraeven","10":"product_tag-greenland","11":"product_tag-mil-tec","12":"product_tag-wachs","13":"product_tag-wax","14":"product_shipping_class-versandkosten","16":"first","17":"instock","18":"sale","19":"featured","20":"taxable","21":"shipping-taxable","22":"purchasable","23":"product-type-simple"},"_links":{"self":[{"href":"https:\/\/tarnstoffe.com\/index.php?rest_route=\/wp\/v2\/product\/202","targetHints":{"allow":["GET"]}}],"collection":[{"href":"https:\/\/tarnstoffe.com\/index.php?rest_route=\/wp\/v2\/product"}],"about":[{"href":"https:\/\/tarnstoffe.com\/index.php?rest_route=\/wp\/v2\/types\/product"}],"replies":[{"embeddable":true,"href":"https:\/\/tarnstoffe.com\/index.php?rest_route=%2Fwp%2Fv2%2Fcomments&post=202"}],"wp:featuredmedia":[{"embeddable":true,"href":"https:\/\/tarnstoffe.com\/index.php?rest_route=\/wp\/v2\/media\/208"}],"wp:attachment":[{"href":"https:\/\/tarnstoffe.com\/index.php?rest_route=%2Fwp%2Fv2%2Fmedia&parent=202"}],"wp:term":[{"taxonomy":"product_brand","embeddable":true,"href":"https:\/\/tarnstoffe.com\/index.php?rest_route=%2Fwp%2Fv2%2Fproduct_brand&post=202"},{"taxonomy":"product_cat","embeddable":true,"href":"https:\/\/tarnstoffe.com\/index.php?rest_route=%2Fwp%2Fv2%2Fproduct_cat&post=202"},{"taxonomy":"product_tag","embeddable":true,"href":"https:\/\/tarnstoffe.com\/index.php?rest_route=%2Fwp%2Fv2%2Fproduct_tag&post=202"}],"curies":[{"name":"wp","href":"https:\/\/api.w.org\/{rel}","templated":true}]}}