{"id":1946,"date":"2025-05-01T10:53:52","date_gmt":"2025-05-01T08:53:52","guid":{"rendered":"https:\/\/tarnstoffe.com\/?post_type=product&#038;p=1946"},"modified":"2025-10-26T16:28:52","modified_gmt":"2025-10-26T15:28:52","slug":"netzmaterial-concealment-a-tacs-ix","status":"publish","type":"product","link":"https:\/\/tarnstoffe.com\/?product=netzmaterial-concealment-a-tacs-ix","title":{"rendered":"Netzmaterial concealment A-TACS IX"},"content":{"rendered":"<p><img loading=\"lazy\" decoding=\"async\" class=\"size-medium wp-image-1950 alignleft\" src=\"https:\/\/tarnstoffe.com\/wp-content\/uploads\/2025\/05\/AR_7751-Verbessert-RR-250x250.jpg\" alt=\"\" width=\"250\" height=\"250\" srcset=\"https:\/\/tarnstoffe.com\/wp-content\/uploads\/2025\/05\/AR_7751-Verbessert-RR-250x250.jpg 250w, https:\/\/tarnstoffe.com\/wp-content\/uploads\/2025\/05\/AR_7751-Verbessert-RR-scaled-300x300.jpg 300w, https:\/\/tarnstoffe.com\/wp-content\/uploads\/2025\/05\/AR_7751-Verbessert-RR-scaled-100x100.jpg 100w, https:\/\/tarnstoffe.com\/wp-content\/uploads\/2025\/05\/AR_7751-Verbessert-RR-scaled-64x64.jpg 64w, https:\/\/tarnstoffe.com\/wp-content\/uploads\/2025\/05\/AR_7751-Verbessert-RR-325x325.jpg 325w, https:\/\/tarnstoffe.com\/wp-content\/uploads\/2025\/05\/AR_7751-Verbessert-RR-150x150.jpg 150w, https:\/\/tarnstoffe.com\/wp-content\/uploads\/2025\/05\/AR_7751-Verbessert-RR-768x768.jpg 768w, https:\/\/tarnstoffe.com\/wp-content\/uploads\/2025\/05\/AR_7751-Verbessert-RR-1536x1536.jpg 1536w, https:\/\/tarnstoffe.com\/wp-content\/uploads\/2025\/05\/AR_7751-Verbessert-RR-2048x2048.jpg 2048w\" sizes=\"auto, (max-width: 250px) 100vw, 250px\" \/><\/p>\n<p>original US Ware<\/p>\n<p>A-TACS IX<br \/>\nM\u00fcssen Sie etwas verstecken? Ihr Fahrzeug, ATV oder UTV? Wie w\u00e4re es mit einem Ausr\u00fcstungsvorrat oder sogar sich selbst? Dann brauchen Sie dieses Polyester-Verstecknetz unbedingt. Es ist schwer (fast so schwer wie 1000D Cordura-Nylon), sodass es an Ort und Stelle bleibt und nicht wie g\u00fcnstigere, leichtere Netze flattert. Gleichzeitig ist es weich genug, um es \u00fcber alles zu drapieren, beispielsweise \u00fcber einen Umhang. Au\u00dferdem ist es schwer im Stoff und leicht in den Netzl\u00f6chern (was bedeutet, dass mehr Tarnmuster sichtbar ist), sodass Dinge schon aus wenigen Metern Entfernung praktisch verschwinden. Die ovalen L\u00f6cher mit 3 mm Durchmesser sorgen jedoch f\u00fcr ausreichend Bel\u00fcftung, um Kondenswasser und Schimmelbildung zu vermeiden.<\/p>\n<p>A-TACS iX nutzt modernste Druck- und Tarntechnologie in Kombination mit der perfekten Farbmischung der beliebten A-TACS AU- und FG-Tarnmuster. Das Ergebnis ist ein Muster mit deutlich verbesserter Tiefe und Sch\u00e4rfe. A-TACS iX Camo verf\u00fcgt au\u00dferdem \u00fcber verbesserte Kantendetails an den \u00dcberg\u00e4ngen zwischen Licht und Schatten. Dies erzeugt zus\u00e4tzliche Tiefenwirkung und bewahrt gleichzeitig das einzigartige A-TACS Camo-Konzept \u201eMuster im Muster\u201c. Das neue A-TACS iX Camo eignet sich optimal f\u00fcr \u00dcbergangsumgebungen mit einer Mischung aus Zwischengr\u00fcn und W\u00fcstenbraun.<\/p>\n<p>&nbsp;<\/p>\n<p>\u2013 Dieser Stoff liegt ca. 150cm breit und wir versenden in der L\u00e4nge die Sie bestellen.<\/p>\n<p>\u2013 Der Stoff wird pro Meter verkauft.<br \/>\n\u2013 Bestellen Sie mehr als einen Meter dann wird es als fortlaufendes St\u00fcck versendet, es sei denn Sie m\u00f6chten es anders aufgeteilt.<\/p>\n<p>&nbsp;<\/p>\n<p>&nbsp;<\/p>\n","protected":false},"excerpt":{"rendered":"<p>original US Ware A-TACS IX M\u00fcssen Sie etwas verstecken? Ihr Fahrzeug, ATV oder UTV? Wie w\u00e4re es mit einem Ausr\u00fcstungsvorrat oder sogar sich selbst? Dann brauchen Sie dieses Polyester-Verstecknetz unbedingt. Es ist schwer (fast so schwer wie 1000D Cordura-Nylon), sodass es an Ort und Stelle bleibt und nicht wie g\u00fcnstigere, leichtere Netze flattert. Gleichzeitig ist [&hellip;]<\/p>\n","protected":false},"featured_media":1947,"comment_status":"open","ping_status":"closed","template":"","meta":{"site-container-style":"default","site-container-layout":"default","site-sidebar-layout":"default","site-transparent-header":"default","disable-article-header":"default","disable-site-header":"default","disable-site-footer":"default","disable-content-area-spacing":"default"},"product_brand":[],"product_cat":[246,57],"product_tag":[223,217,201,247,190,188,225,189,222],"class_list":{"0":"post-1946","1":"product","2":"type-product","3":"status-publish","4":"has-post-thumbnail","6":"product_cat-netzmaterial","7":"product_cat-prym1","8":"product_tag-airsoft","9":"product_tag-bundeswehr","10":"product_tag-camouflage","11":"product_tag-mesh","12":"product_tag-meterware","13":"product_tag-paintball","14":"product_tag-ripstop","15":"product_tag-tarnstoff","16":"product_tag-tarnung","17":"product_shipping_class-versandkosten","19":"first","20":"instock","21":"taxable","22":"shipping-taxable","23":"purchasable","24":"product-type-simple"},"_links":{"self":[{"href":"https:\/\/tarnstoffe.com\/index.php?rest_route=\/wp\/v2\/product\/1946","targetHints":{"allow":["GET"]}}],"collection":[{"href":"https:\/\/tarnstoffe.com\/index.php?rest_route=\/wp\/v2\/product"}],"about":[{"href":"https:\/\/tarnstoffe.com\/index.php?rest_route=\/wp\/v2\/types\/product"}],"replies":[{"embeddable":true,"href":"https:\/\/tarnstoffe.com\/index.php?rest_route=%2Fwp%2Fv2%2Fcomments&post=1946"}],"wp:featuredmedia":[{"embeddable":true,"href":"https:\/\/tarnstoffe.com\/index.php?rest_route=\/wp\/v2\/media\/1947"}],"wp:attachment":[{"href":"https:\/\/tarnstoffe.com\/index.php?rest_route=%2Fwp%2Fv2%2Fmedia&parent=1946"}],"wp:term":[{"taxonomy":"product_brand","embeddable":true,"href":"https:\/\/tarnstoffe.com\/index.php?rest_route=%2Fwp%2Fv2%2Fproduct_brand&post=1946"},{"taxonomy":"product_cat","embeddable":true,"href":"https:\/\/tarnstoffe.com\/index.php?rest_route=%2Fwp%2Fv2%2Fproduct_cat&post=1946"},{"taxonomy":"product_tag","embeddable":true,"href":"https:\/\/tarnstoffe.com\/index.php?rest_route=%2Fwp%2Fv2%2Fproduct_tag&post=1946"}],"curies":[{"name":"wp","href":"https:\/\/api.w.org\/{rel}","templated":true}]}}