{"id":1793,"date":"2025-04-28T07:29:17","date_gmt":"2025-04-28T05:29:17","guid":{"rendered":"https:\/\/tarnstoffe.com\/?post_type=product&#038;p=1793"},"modified":"2026-04-30T14:27:25","modified_gmt":"2026-04-30T12:27:25","slug":"personalisierbares-baby-set-hose-oberteil-mit-gesticktem-namen","status":"publish","type":"product","link":"https:\/\/tarnstoffe.com\/?product=personalisierbares-baby-set-hose-oberteil-mit-gesticktem-namen","title":{"rendered":"Baby Set Hose &#038; Oberteil mit gesticktem Namen in 3 Versionen"},"content":{"rendered":"<p class=\"my-0\"><strong>Entdecke unser personalisierbares Baby-Set \u2013 Hose &amp; Oberteil mit gesticktem Namen<\/strong><\/p>\n<p class=\"my-0\">Verleihe dem Outfit deines Babys oder Kleinkindes eine ganz pers\u00f6nliche Note!<\/p>\n<p class=\"my-0\">Unser liebevoll gefertigtes Set aus Hose und Oberteil ist in verschiedenen Gr\u00f6\u00dfen erh\u00e4ltlich<\/p>\n<p class=\"my-0\">und kann individuell mit dem Namen deines Kindes bestickt werden.<\/p>\n<p class=\"my-0\">W\u00e4hle au\u00dferdem aus unterschiedlichen hochwertigen Stoffarten deinen Favoriten aus \u2013 so wird jedes Set zu einem einzigartigen Lieblingsst\u00fcck.<\/p>\n<p>Unsere Beispielbilder zeigen verschiedene Varianten des Sets mit individuellen Namensstickereien und Stoffarten,<\/p>\n<p>sodass du dir einen Eindruck verschaffen kannst, wie dein personalisiertes Outfit aussehen k\u00f6nnte. Lass dich von den Fotos inspirieren<\/p>\n<p>und entdecke die vielf\u00e4ltigen Gestaltungsm\u00f6glichkeiten f\u00fcr dein einzigartiges Baby-Set.<\/p>\n<p class=\"my-0\"><strong>Produktdetails:<\/strong><\/p>\n<ul class=\"marker:text-textOff list-disc\">\n<li>\n<p class=\"my-0\"><strong>Set bestehend aus:<\/strong> Hose &amp; Oberteil<\/p>\n<\/li>\n<li>\n<p class=\"my-0\"><strong>Gr\u00f6\u00dfen:<\/strong> F\u00fcr Babys &amp; Kleinkinder (bitte Gr\u00f6\u00dfenauswahl beachten)<\/p>\n<\/li>\n<li>\n<p class=\"my-0\"><strong>Personalisierung:<\/strong> Wunschname wird hochwertig aufgestickt<\/p>\n<\/li>\n<li>\n<p class=\"my-0\"><strong>Stoffauswahl:<\/strong> Verschiedene Stoffarten &amp; Farben zur Auswahl<\/p>\n<\/li>\n<li>\n<p class=\"my-0\"><strong>Pflegeleicht &amp; hautfreundlich:<\/strong> Ideal f\u00fcr empfindliche Kinderhaut<\/p>\n<\/li>\n<\/ul>\n<p class=\"my-0\"><strong>Warum unser Baby-Set?<\/strong><\/p>\n<ul class=\"marker:text-textOff list-disc\">\n<li>\n<p class=\"my-0\">Individuell &amp; einzigartig durch Personalisierung<\/p>\n<\/li>\n<li>\n<p class=\"my-0\">Perfekt als Geschenk zur Geburt, Taufe oder zum Geburtstag<\/p>\n<\/li>\n<li>\n<p class=\"my-0\">Sorgf\u00e4ltig verarbeitet &amp; angenehm zu tragen<\/p>\n<\/li>\n<li>\n<p class=\"my-0\">Praktisch f\u00fcr den Alltag und besondere Anl\u00e4sse<\/p>\n<\/li>\n<\/ul>\n<p class=\"my-0\"><strong>So funktioniert\u2019s:<\/strong><\/p>\n<ol class=\"marker:text-textOff list-decimal\">\n<li>\n<p class=\"my-0\">W\u00e4hle die gew\u00fcnschte Gr\u00f6\u00dfe.<\/p>\n<\/li>\n<li>\n<p class=\"my-0\">Entscheide dich f\u00fcr deine Lieblings-Stoffart.<\/p>\n<\/li>\n<li>\n<p class=\"my-0\">Gib den Namen an, der aufgestickt werden soll. Bitte achte unbedingt auf die korrekte Schreibweise eine \u00c4nderung ist nach Beginn der Arbeit nicht m\u00f6glich.<\/p>\n<\/li>\n<li>\n<p class=\"my-0\">Lege das Set in den Warenkorb und freue dich auf ein ganz pers\u00f6nliches Outfit!<\/p>\n<\/li>\n<\/ol>\n<p>&nbsp;<\/p>\n<p>Das Anfertigen dieses Babysets erfolgt mit Strom aus erneuerbaren Energien \u2013 f\u00fcr eine nachhaltige Zukunft von Anfang an.<\/p>\n","protected":false},"excerpt":{"rendered":"<p>Entdecke unser personalisierbares Baby-Set \u2013 Hose &amp; Oberteil mit gesticktem Namen Verleihe dem Outfit deines Babys oder Kleinkindes eine ganz pers\u00f6nliche Note! Unser liebevoll gefertigtes Set aus Hose und Oberteil ist in verschiedenen Gr\u00f6\u00dfen erh\u00e4ltlich und kann individuell mit dem Namen deines Kindes bestickt werden. W\u00e4hle au\u00dferdem aus unterschiedlichen hochwertigen Stoffarten deinen Favoriten aus \u2013 [&hellip;]<\/p>\n","protected":false},"featured_media":1818,"comment_status":"open","ping_status":"closed","template":"","meta":{"site-container-style":"default","site-container-layout":"default","site-sidebar-layout":"default","site-transparent-header":"default","disable-article-header":"default","disable-site-header":"default","disable-site-footer":"default","disable-content-area-spacing":"default"},"product_brand":[],"product_cat":[245,256],"product_tag":[240,241,242,243,239],"class_list":{"0":"post-1793","1":"product","2":"type-product","3":"status-publish","4":"has-post-thumbnail","6":"product_cat-baby-set","7":"product_cat-jacken","8":"product_tag-baby-kleidung-mit-namen","9":"product_tag-babyset-hose-und-oberteil","10":"product_tag-geschenk-zur-geburt","11":"product_tag-individuelle-babykleidung","12":"product_tag-personalisiertes-baby-set","13":"product_shipping_class-versandkosten","15":"first","16":"instock","17":"taxable","18":"shipping-taxable","19":"purchasable","20":"product-type-variable"},"_links":{"self":[{"href":"https:\/\/tarnstoffe.com\/index.php?rest_route=\/wp\/v2\/product\/1793","targetHints":{"allow":["GET"]}}],"collection":[{"href":"https:\/\/tarnstoffe.com\/index.php?rest_route=\/wp\/v2\/product"}],"about":[{"href":"https:\/\/tarnstoffe.com\/index.php?rest_route=\/wp\/v2\/types\/product"}],"replies":[{"embeddable":true,"href":"https:\/\/tarnstoffe.com\/index.php?rest_route=%2Fwp%2Fv2%2Fcomments&post=1793"}],"wp:featuredmedia":[{"embeddable":true,"href":"https:\/\/tarnstoffe.com\/index.php?rest_route=\/wp\/v2\/media\/1818"}],"wp:attachment":[{"href":"https:\/\/tarnstoffe.com\/index.php?rest_route=%2Fwp%2Fv2%2Fmedia&parent=1793"}],"wp:term":[{"taxonomy":"product_brand","embeddable":true,"href":"https:\/\/tarnstoffe.com\/index.php?rest_route=%2Fwp%2Fv2%2Fproduct_brand&post=1793"},{"taxonomy":"product_cat","embeddable":true,"href":"https:\/\/tarnstoffe.com\/index.php?rest_route=%2Fwp%2Fv2%2Fproduct_cat&post=1793"},{"taxonomy":"product_tag","embeddable":true,"href":"https:\/\/tarnstoffe.com\/index.php?rest_route=%2Fwp%2Fv2%2Fproduct_tag&post=1793"}],"curies":[{"name":"wp","href":"https:\/\/api.w.org\/{rel}","templated":true}]}}