{"id":789,"date":"2024-05-03T17:12:57","date_gmt":"2024-05-03T15:12:57","guid":{"rendered":"https:\/\/tarnstoffe.com\/?page_id=789"},"modified":"2025-10-30T21:36:11","modified_gmt":"2025-10-30T20:36:11","slug":"behoerden","status":"publish","type":"page","link":"https:\/\/tarnstoffe.com\/?page_id=789","title":{"rendered":"Beh\u00f6rden\/agency"},"content":{"rendered":"\n<p>F\u00fcr Anfragen die Ausschreibungen und Beschaffungsvorhaben betreffen senden Sie uns bitte Ihre Anfrage an <a href=\"mailto:agency@tarnstoffe.eu\">agency@tarnstoffe.eu<\/a><\/p>\n\n\n\n<p>F\u00fcr Beh\u00f6rden wie z.B.: Polizei, Bundeswehr SEK, KSK gelten spezielle Vorschriften. Bitte erfragen Sie diese gesondert.<br>Hier haben die Stoffe zus\u00e4tzliche, spezielle Eigenschaften die ausschlie\u00dflich f\u00fcr diese hergestellt werden!<\/p>\n\n\n\n<p>For inquiries regarding tenders and procurement projects, please send your request to agency@tarnstoffe.eu.<\/p>\n\n\n\n<p>Special regulations apply to authorities such as the police, the German Armed Forces&#8217; Special Deployment Commando (SEK), and the Special Forces Command (KSK). Please inquire about these separately.<\/p>\n\n\n\n<p>These fabrics have additional, special properties and are manufactured exclusively for these purposes.<\/p>\n\n\n\n<p><\/p>\n","protected":false},"excerpt":{"rendered":"<p>F\u00fcr Anfragen die Ausschreibungen und Beschaffungsvorhaben betreffen senden Sie uns bitte Ihre Anfrage an agency@tarnstoffe.eu F\u00fcr Beh\u00f6rden wie z.B.: Polizei, Bundeswehr SEK, KSK gelten spezielle Vorschriften. Bitte erfragen Sie diese gesondert.Hier haben die Stoffe zus\u00e4tzliche, spezielle Eigenschaften die ausschlie\u00dflich f\u00fcr diese hergestellt werden! For inquiries regarding tenders and procurement projects, please send your request to [&hellip;]<\/p>\n","protected":false},"author":1,"featured_media":0,"parent":0,"menu_order":0,"comment_status":"closed","ping_status":"closed","template":"","meta":{"site-container-style":"default","site-container-layout":"default","site-sidebar-layout":"default","site-transparent-header":"default","disable-article-header":"default","disable-site-header":"default","disable-site-footer":"default","disable-content-area-spacing":"default","footnotes":""},"class_list":["post-789","page","type-page","status-publish","hentry"],"_links":{"self":[{"href":"https:\/\/tarnstoffe.com\/index.php?rest_route=\/wp\/v2\/pages\/789","targetHints":{"allow":["GET"]}}],"collection":[{"href":"https:\/\/tarnstoffe.com\/index.php?rest_route=\/wp\/v2\/pages"}],"about":[{"href":"https:\/\/tarnstoffe.com\/index.php?rest_route=\/wp\/v2\/types\/page"}],"author":[{"embeddable":true,"href":"https:\/\/tarnstoffe.com\/index.php?rest_route=\/wp\/v2\/users\/1"}],"replies":[{"embeddable":true,"href":"https:\/\/tarnstoffe.com\/index.php?rest_route=%2Fwp%2Fv2%2Fcomments&post=789"}],"version-history":[{"count":3,"href":"https:\/\/tarnstoffe.com\/index.php?rest_route=\/wp\/v2\/pages\/789\/revisions"}],"predecessor-version":[{"id":2057,"href":"https:\/\/tarnstoffe.com\/index.php?rest_route=\/wp\/v2\/pages\/789\/revisions\/2057"}],"wp:attachment":[{"href":"https:\/\/tarnstoffe.com\/index.php?rest_route=%2Fwp%2Fv2%2Fmedia&parent=789"}],"curies":[{"name":"wp","href":"https:\/\/api.w.org\/{rel}","templated":true}]}}